{"id":255,"date":"2017-11-10T23:19:57","date_gmt":"2017-11-10T22:19:57","guid":{"rendered":"http:\/\/www.appelpsy.be\/?page_id=255"},"modified":"2023-01-17T18:16:28","modified_gmt":"2023-01-17T17:16:28","slug":"textes-legislatifs","status":"publish","type":"page","link":"https:\/\/www.appelpsy.be\/index.php\/fr\/textes-legislatifs\/","title":{"rendered":"Textes l\u00e9gislatifs"},"content":{"rendered":"<h3 class=\"entry-content\"><a href=\"http:\/\/www.appelpsy.be\/index.php\/fr\/lois-federales\/\">Lois f\u00e9d\u00e9rales<\/a><\/h3>\n<h3><a href=\"http:\/\/www.appelpsy.be\/index.php\/fr\/lois-regionales\/\">Lois r\u00e9gionales<\/a><\/h3>\n\n","protected":false},"excerpt":{"rendered":"<p>Lois f\u00e9d\u00e9rales Lois r\u00e9gionales<\/p>\n","protected":false},"author":1,"featured_media":0,"parent":0,"menu_order":0,"comment_status":"closed","ping_status":"closed","template":"","meta":{"_mi_skip_tracking":false},"_links":{"self":[{"href":"https:\/\/www.appelpsy.be\/index.php\/wp-json\/wp\/v2\/pages\/255"}],"collection":[{"href":"https:\/\/www.appelpsy.be\/index.php\/wp-json\/wp\/v2\/pages"}],"about":[{"href":"https:\/\/www.appelpsy.be\/index.php\/wp-json\/wp\/v2\/types\/page"}],"author":[{"embeddable":true,"href":"https:\/\/www.appelpsy.be\/index.php\/wp-json\/wp\/v2\/users\/1"}],"replies":[{"embeddable":true,"href":"https:\/\/www.appelpsy.be\/index.php\/wp-json\/wp\/v2\/comments?post=255"}],"version-history":[{"count":15,"href":"https:\/\/www.appelpsy.be\/index.php\/wp-json\/wp\/v2\/pages\/255\/revisions"}],"predecessor-version":[{"id":412,"href":"https:\/\/www.appelpsy.be\/index.php\/wp-json\/wp\/v2\/pages\/255\/revisions\/412"}],"wp:attachment":[{"href":"https:\/\/www.appelpsy.be\/index.php\/wp-json\/wp\/v2\/media?parent=255"}],"curies":[{"name":"wp","href":"https:\/\/api.w.org\/{rel}","templated":true}]}}