{"id":402,"date":"2023-01-17T18:01:19","date_gmt":"2023-01-17T17:01:19","guid":{"rendered":"http:\/\/www.appelpsy.be\/?page_id=402"},"modified":"2024-02-15T08:08:13","modified_gmt":"2024-02-15T07:08:13","slug":"lois-federales","status":"publish","type":"page","link":"https:\/\/www.appelpsy.be\/index.php\/fr\/lois-federales\/","title":{"rendered":"Lois f\u00e9d\u00e9rales"},"content":{"rendered":"\n<div class=\"entry-content\">\n<ul>\n<li><a href=\"_wp_link_placeholder\" data-wplink-edit=\"true\">Arr\u00eat\u00e9 royal du 14\/12\/2023 (publi\u00e9 le 21\/12\/2023) modifiant l&rsquo;arr\u00eat\u00e9 royal du 21 avril 2019 fixant les crit\u00e8res d&rsquo;agr\u00e9ment des psychologues cliniciens, ainsi que des ma\u00eetres de stage et services de stage<\/a><\/li>\n<li>\n<h5><a href=\"https:\/\/www.ejustice.just.fgov.be\/cgi\/article_body.pl?language=fr&amp;caller=summary&amp;pub_date=19-05-22&amp;numac=2019012277\">Arr\u00eat\u00e9 Royal fixant les crit\u00e8res d&rsquo;agr\u00e9ments des psychologues Cliniciens, ainsi que des ma\u00eetres de stage et service de stage du 26 avril 2019<\/a><\/h5>\n<\/li>\n<li>\n<h5><a href=\"https:\/\/www.ejustice.just.fgov.be\/cgi\/article_body.pl?language=fr&amp;caller=summary&amp;pub_date=02-09-26&amp;numac=2002022737\">Loi relative aux droits du patient du 22 ao\u00fbt 2002<\/a><\/h5>\n<\/li>\n<li>\n<h5><a href=\"https:\/\/www.ejustice.just.fgov.be\/cgi_loi\/change_lg.pl?language=fr&amp;la=F&amp;cn=2019042220&amp;table_name=loi\">Loi relative \u00e0 la qualit\u00e9 de la pratique des soins de sant\u00e9 du 22 avril 2019<\/a><\/h5>\n<\/li>\n<li>\n<h5><a href=\"http:\/\/www.ejustice.just.fgov.be\/cgi_loi\/loi_a1.pl?language=fr&amp;la=F&amp;table_name=loi&amp;cn=2016071005&amp;&amp;caller=list&amp;fromtab=loi&amp;tri=dd+AS+RANK\">Loi du 10 juillet 2016 &#8211; Loi modifiant la loi du 4 avril 2014 r\u00e9glementant les professions des soins de sant\u00e9 mentale et modifiant l&rsquo;arr\u00eat\u00e9 royal n\u00b0 78 du 10 novembre 1967 relatif \u00e0 l&rsquo;exercice des professions des soins de sant\u00e9 d&rsquo;une part et modifiant la loi relative \u00e0 l&rsquo;exercice des professions des soins de sant\u00e9, coordonn\u00e9e le 10 mai 2015 d&rsquo;autre part<\/a><\/h5>\n<\/li>\n<\/ul>\n<ul>\n<li>\n<h5><a href=\"http:\/\/www.appelpsy.be\/wp-content\/uploads\/2016\/12\/Projet-de-loi-Deblock_txtAdopt\u00e9-54K1848008.pdf\">Loi r\u00e9glementant les professions des soins de sant\u00e9 mentale du 20\/06\/16<\/a><\/h5>\n<\/li>\n<\/ul>\n<ul>\n<li>\n<h5><a href=\"http:\/\/www.appelpsy.be\/wp-content\/uploads\/2016\/12\/DiscussionAuParlement_2016.pdf\">Discussion \u00e0 la Chambre relative \u00e0 la Loi de la sant\u00e9 mentale du 16\/11\/16<\/a><\/h5>\n<\/li>\n<\/ul>\n<\/div>\n","protected":false},"excerpt":{"rendered":"<p>Arr\u00eat\u00e9 royal du 14\/12\/2023 (publi\u00e9 le 21\/12\/2023) modifiant l&rsquo;arr\u00eat\u00e9 royal du 21 avril 2019 fixant les crit\u00e8res d&rsquo;agr\u00e9ment des psychologues cliniciens, ainsi que des ma\u00eetres de stage et services de stage Arr\u00eat\u00e9 Royal fixant les crit\u00e8res d&rsquo;agr\u00e9ments des psychologues Cliniciens, ainsi que des ma\u00eetres de stage et service de stage du 26 avril 2019 Loi&#8230;<\/p>\n","protected":false},"author":4,"featured_media":0,"parent":0,"menu_order":0,"comment_status":"closed","ping_status":"closed","template":"","meta":{"_mi_skip_tracking":false},"_links":{"self":[{"href":"https:\/\/www.appelpsy.be\/index.php\/wp-json\/wp\/v2\/pages\/402"}],"collection":[{"href":"https:\/\/www.appelpsy.be\/index.php\/wp-json\/wp\/v2\/pages"}],"about":[{"href":"https:\/\/www.appelpsy.be\/index.php\/wp-json\/wp\/v2\/types\/page"}],"author":[{"embeddable":true,"href":"https:\/\/www.appelpsy.be\/index.php\/wp-json\/wp\/v2\/users\/4"}],"replies":[{"embeddable":true,"href":"https:\/\/www.appelpsy.be\/index.php\/wp-json\/wp\/v2\/comments?post=402"}],"version-history":[{"count":4,"href":"https:\/\/www.appelpsy.be\/index.php\/wp-json\/wp\/v2\/pages\/402\/revisions"}],"predecessor-version":[{"id":437,"href":"https:\/\/www.appelpsy.be\/index.php\/wp-json\/wp\/v2\/pages\/402\/revisions\/437"}],"wp:attachment":[{"href":"https:\/\/www.appelpsy.be\/index.php\/wp-json\/wp\/v2\/media?parent=402"}],"curies":[{"name":"wp","href":"https:\/\/api.w.org\/{rel}","templated":true}]}}

Lois fédérales

<div class="entry-content">
<ul>
<li><a href="_wp_link_placeholder" data-wplink-edit="true">Arrêté royal du 14/12/2023 (publié le 21/12/2023) modifiant l&rsquo;arrêté royal du 21 avril 2019 fixant les critères d&rsquo;agrément des psychologues cliniciens, ainsi que des maîtres de stage et services de stage</a></li>
<li>
<h5><a href="https://www.ejustice.just.fgov.be/cgi/article_body.pl?language=fr&amp;caller=summary&amp;pub_date=19-05-22&amp;numac=2019012277">Arrêté Royal fixant les critères d&rsquo;agréments des psychologues Cliniciens, ainsi que des maîtres de stage et service de stage du 26 avril 2019</a></h5>
</li>
<li>
<h5><a href="https://www.ejustice.just.fgov.be/cgi/article_body.pl?language=fr&amp;caller=summary&amp;pub_date=02-09-26&amp;numac=2002022737">Loi relative aux droits du patient du 22 août 2002</a></h5>
</li>
<li>
<h5><a href="https://www.ejustice.just.fgov.be/cgi_loi/change_lg.pl?language=fr&amp;la=F&amp;cn=2019042220&amp;table_name=loi">Loi relative à la qualité de la pratique des soins de santé du 22 avril 2019</a></h5>
</li>
<li>
<h5><a href="http://www.ejustice.just.fgov.be/cgi_loi/loi_a1.pl?language=fr&amp;la=F&amp;table_name=loi&amp;cn=2016071005&amp;&amp;caller=list&amp;fromtab=loi&amp;tri=dd+AS+RANK">Loi du 10 juillet 2016 &#8211; Loi modifiant la loi du 4 avril 2014 réglementant les professions des soins de santé mentale et modifiant l&rsquo;arrêté royal n° 78 du 10 novembre 1967 relatif à l&rsquo;exercice des professions des soins de santé d&rsquo;une part et modifiant la loi relative à l&rsquo;exercice des professions des soins de santé, coordonnée le 10 mai 2015 d&rsquo;autre part</a></h5>
</li>
</ul>
<ul>
<li>
<h5><a href="http://www.appelpsy.be/wp-content/uploads/2016/12/Projet-de-loi-Deblock_txtAdopté-54K1848008.pdf">Loi réglementant les professions des soins de santé mentale du 20/06/16</a></h5>
</li>
</ul>
<ul>
<li>
<h5><a href="http://www.appelpsy.be/wp-content/uploads/2016/12/DiscussionAuParlement_2016.pdf">Discussion à la Chambre relative à la Loi de la santé mentale du 16/11/16</a></h5>
</li>
</ul>
</div>

<p>Arrêté royal du 14/12/2023 (publié le 21/12/2023) modifiant l&rsquo;arrêté royal du 21 avril 2019 fixant les critères d&rsquo;agrément des psychologues cliniciens, ainsi que des maîtres de stage et services de stage Arrêté Royal fixant les critères d&rsquo;agréments des psychologues Cliniciens, ainsi que des maîtres de stage et service de stage du 26 avril 2019 Loi&#8230;</p>
